ivided by 74.
46
Calculate the remainder when 8 is divided by 2.
0
What is the remainder when 1670 is divided by 525?
95
Calculate the remainder when 60 is divided by 53.
7
What is the remainder when 7 is divided by 3?
1
Calculate the remainder when 74 is divided by 21.
11
What is the remainder when 167 is divided by 52?
11
What is the remainder when 1425 is divided by 18?
3
Calculate the remainder when 2894 is divided by 52.
34
What is the remainder when 1731 is divided by 20?
11
Calculate the remainder when 191 is divided by 61.
8
What is the remainder when 269 is divided by 245?
24
What is the remainder when 382 is divided by 97?
91
What is the remainder when 909 is divided by 35?
34
What is the remainder when 313 is divided by 59?
18
Calculate the remainder when 527 is divided by 22.
21
What is the remainder when 1492 is divided by 295?
17
Calculate the remainder when 1776 is divided by 883.
10
Calculate the remainder when 734 is divided by 27.
5
Calculate the remainder when 280 is divided by 47.
45
What is the remainder when 803 is divided by 2?
1
What is the remainder when 869 is divided by 23?
18
What is the remainder when 2872 is divided by 169?
168
Calculate the remainder when 174 is divided by 10.
4
What is the remainder when 81 is divided by 67?
14
Calculate the remainder when 65 is divided by 45.
20
What is the remainder when 44 is divided by 36?
8
What is the remainder when 3821 is divided by 32?
13
Calculate the remainder when 177 is divided by 73.
31
Calculate the remainder when 306 is divided by 16.
2
Calculate the remainder when 230 is divided by 75.
5
What is the remainder when 17801 is divided by 69?
68
Calculate the remainder when 2189 is divided by 43.
39
Calculate the remainder when 71 is divided by 26.
19
What is the remainder when 9872 is divided by 79?
76
What is the remainder when 233 is divided by 8?
1
What is the remainder when 845 is divided by 388?
69
Calculate the remainder when 6457 is divided by 150.
7
Calculate the remainder when 863 is divided by 862.
1
What is the remainder when 439 is divided by 20?
19
What is the remainder when 200 is divided by 29?
26
What is the remainder when 23 is divided by 13?
10
What is the remainder when 8130 is divided by 76?
74
What is the remainder when 498 is divided by 25?
23
Calculate the remainder when 435 is divided by 7.
1
What is the remainder when 132 is divided by 44?
0
Calculate the remainder when 16 is divided by 6.
4
What is the remainder when 1119 is divided by 35?
34
Calculate the remainder when 19 is divided by 7.
5
Calculate the remainder when 1140 is divided by 26.
22
What is the remainder when 238 is divided by 52?
30
Calculate the remainder when 305 is divided by 51.
50
What is the remainder when 66 is divided by 20?
6
What is the remainder when 319 is divided by 50?
19
What is the remainder when 1247 is divided by 210?
197
Calculate the remainder when 470 is divided by 59.
57
What is the remainder when 685 is divided by 677?
8
What is the remainder when 1878 is divided by 190?
168
What is the remainder when 155 is divided by 50?
5
Calculate the remainder when 92 is divided by 22.
4
Calculate the remainder when 107 is divided by 29.
20
Calculate the remainder when 49 is divided by 49.
0
What is the remainder when 586 is divided by 84?
82
What is the remainder when 90 is divided by 46?
44
Calculate the remainder when 511 is divided by 119.
35
What is the remainder when 212 is divided by 64?
20
What is the remainder when 5548 is divided by 2769?
10
Calculate the remainder when 260 is divided by 40.
20
What is the remainder when 66 is divided by 41?
25
What is the remainder when 59697 is divided by 30?
27
What is the remainder when 293 is divided by 61?
49
Calculate the remainder when 2153 is divided by 135.
128
What is the remainder when 415 is divided by 85?
75
Calculate the remainder when 542 is divided by 178.
8
Calculate the remainder when 584 is divided by 54.
44
Calculate the remainder when 1495 is divided by 250.
245
Calculate the remainder when 6719 is divided by 16.
15
What is the remainder when 1659 is divided by 36?
3
Calculate the remainder when 451 is divided by 87.
16
What is the remainder when 222 is divided by 25?
22
What is the remainder when 713 is divided by 79?
2
Calculate the remainder when 4013 is divided by 1335.
8
What is the remainder when 117 is divided by 48?
21
Calculate the remainder when 10683 is divided by 29.
11
What is the remainder when 1323 is divided by 51?
48
Calculate the remainder when 20302 is divided by 216.
214
Calculate the remainder when 293 is divided by 28.
13
Calculate the remainder when 381 is divided by 82.
53
What is the remainder when 316 is divided by 53?
51
Calculate the remainder when 2566 is divided by 99.
91
What is the remainder when 2572 is divided by 46?
42
What is the remainder when 359 is divided by 14?
9
What is the remainder when 376 is divided by 76?
72
What is the remainder when 106 is divided by 96?
10
What is the remainder when 344 is divided by 88?
80
What is the remainder when 262 is divided by 66?
64
Calculate the remainder when 24 is divided by 8.
0
What is the remainder when 1621 is divided by 540?
1
What is the remainder when 127 is divided by 43?
41
What is the remainder when 102 is divided by 26?
24
Calculate the remainder when 2638 is divided by 12.
10
Calculate the remainder when 433 is divided by 53.
9
What is the remainder when 922 is divided by 11?
9
Calculate the remainder when 3697 is divided by 218.
209
Calculate the remainder when 26 is divided by 18.
8
What is the remainder when 660 is divided by 162?
12
What is the remainder when 298 is divided by 50?
48
Calculate the remainder when 815 is divided by 121.
89
Calculate the remainder when 11421 is divided by 42.
39
What is the remainder when 161 is divided by 15?
11
Calculate the remainder when 126 is divided by 25.
1
What is the remainder when 136 is divided by 19?
3
Calculate the remainder when 1505 is divided by 185.
25
What is the remainder when 185 is divided by 38?
33
What is the remainder when 74 is divided by 26?
22
What is the remainder when 187 is divided by 33?
22
Calculate the remainder when 99 is divided by 60.
39
What is the remainder when 1437 is divided by 430?
147
Calculate the remainder when 2713 is divided by 387.
4
Calculate the remainder when 19 is divided by 19.
0
What is the remainder when 240 is divided by 82?
76
What is the remainder when 3246 is divided by 116?
114
Calculate the remainder when 3179 is divided by 528.
11
What is the remainder when 96 is divided by 47?
2
What is the remainder when 2983 is divided by 29?
25
What is the remainder when 80 is divided by 55?
25
Calculate the remainder when 193 is divided by 49.
46
What is the remainder when 94 is divided by 14?
10
Calculate the remainder when 211 is divided by 74.
63
Calculate the remainder when 110 is divided by 44.
22
Calculate the remainder when 637 is divided by 59.
47
Calculate the remainder when 266 is divided by 92.
82
What is the remainder when 2018 is divided by 335?
8
What is the remainder when 633 is divided by 69?
12
Calculate the remainder when 312 is divided by 161.
151
Calculate the remainder when 563 is divided by 27.
23
Calculate the remainder when 35 is divided by 12.
11
Calculate the remainder when 12372 is divided by 275.
272
What is the remainder when 18 is divided by 10?
8
Calculate the remainder when 207 is divided by 21.
18
Calculate the remainder when 197 is divided by 6.
5
What is the remainder when 43 is divided by 1?
0
Calculate the remainder when 332 is divided by 85.
77
Calculate the remainder when 395 is divided by 43.
8
What is the remainder when 112 is divided by 11?
2
Calculate the remainder when 142 is divided by 140.
2
What is the remainder when 169 is divided by 34?
33
Calculate the remainder when 535 is divided by 193.
149
What is the remainder when 313 is divided by 57?
28
Calculate the remainder when 1015 is divided by 9.
7
Calculate the remainder when 796 is divided by 8.
4
Calculate the remainder when 1565 is divided by 521.
2
What is the remainder when 177 is divided by 15?
12
What is the remainder when 412 is divided by 76?
32
What is the remainder when 624 is divided by 46?
26
Calculate the rema